{"id":1685,"date":"2021-04-06T16:05:47","date_gmt":"2021-04-06T14:05:47","guid":{"rendered":"http:\/\/locapial.org\/rallye-du-viaur\/?page_id=1685"},"modified":"2026-02-04T09:43:34","modified_gmt":"2026-02-04T08:43:34","slug":"reservations","status":"publish","type":"page","link":"http:\/\/locapial.org\/rallye-du-viaur\/reservations\/","title":{"rendered":"R\u00e9servations"},"content":{"rendered":"\n<div class=\"wp-block-stackable-spacer stk-block-spacer stk--no-padding stk-block stk-9609daa\" data-block-id=\"9609daa\"><\/div>\n\n\n\n<div class=\"wp-block-stackable-call-to-action alignfull stk-block-call-to-action stk-block stk-c72b0a2 stk-block-background stk--has-background-overlay\" data-v=\"2\" data-block-id=\"c72b0a2\"><div class=\"stk-block-call-to-action__content stk-content-align stk-c72b0a2-column alignwide stk-container stk-c72b0a2-container stk--no-background stk--no-padding\"><div class=\"has-text-align-left stk-block-content stk-inner-blocks stk-c72b0a2-inner-blocks\">\n<div class=\"wp-block-stackable-heading stk-block-heading stk-block-heading--v2 stk-block stk-636be16\" id=\"reservations\" data-block-id=\"636be16\"><h3 class=\"stk-block-heading__text has-text-color has-white-color stk-block-heading--use-theme-margins\">R\u00e9servations<\/h3><\/div>\n\n\n\n<div class=\"wp-block-stackable-text stk-block-text stk-block stk-62733eb\" data-block-id=\"62733eb\"><p class=\"stk-block-text__text has-text-color has-white-color\">Pour r\u00e9server, t\u00e9l\u00e9charger le fichier pdf, puis le remplir et le renvoyer, avant le 22 avril 2026 de pr\u00e9f\u00e9rence, par courrier \u00e0 la Maison d&rsquo;animation Lo Capial, Rallye du Viaur, Place Saint-Georges, 81160 Saint-Ju\u00e9ry ou par courriel : <a style=\"box-sizing: border-box; margin: 0px; padding: 0px; border: 0px; font-size: 18px; vertical-align: baseline; color: #03a9f4; text-decoration: none; font-weight: 400; -webkit-font-smoothing: subpixel-antialiased; font-family: 'Source Sans Pro', sans-serif; font-style: normal; font-variant-caps: normal; letter-spacing: normal; orphans: auto; text-align: center; text-indent: 0px; text-transform: none; white-space: normal; widows: auto; word-spacing: 0px; -webkit-text-size-adjust: auto; -webkit-text-stroke-width: 0px;\" href=\"mailto:rallyeduviaur@gmail.com\" target=\"_blank\" rel=\"noopener noreferrer\"><span style=\"color: var(--theme-palette-color-8, #ffffff);\" class=\"stk-highlight\">rallyeduviaur@gmail.com<\/span><\/a><\/p><\/div>\n\n\n\n<div class=\"wp-block-stackable-button-group stk-block-button-group stk-block stk-316d6c6\" data-block-id=\"316d6c6\"><div class=\"stk-row stk-inner-blocks stk-block-content stk-button-group\">\n<div class=\"wp-block-stackable-button stk-block-button stk-block stk-5cda023\" data-block-id=\"5cda023\"><a class=\"stk-link stk-button stk--hover-effect-darken\" href=\"http:\/\/locapial.org\/rallye-du-viaur\/wp-content\/uploads\/2026\/02\/formulaire-inscription-rallye.pdf\" target=\"_blank\" rel=\"noreferrer noopener\"><span class=\"has-black-color stk-button__inner-text\">T\u00e9l\u00e9charger le document de r\u00e9servation 2026<\/span><\/a><\/div>\n<\/div><\/div>\n<\/div><\/div><\/div>\n<style class=\"advgb-styles-renderer\">.stk-c72b0a2 {background-color:linear-gradient(90deg, #006ba1 0%, #7bdcb5 100%) !important;background-image:url(http:\/\/locapial.org\/rallye-du-viaur\/wp-content\/uploads\/2019\/01\/cropped-viaur-site-fond.jpg) !important;min-height:600px !important;align-items:center !important;display:flex !important;}.stk-c72b0a2:before{opacity:0.9 !important;background-image:linear-gradient(90deg, #006ba1 0%, #7bdcb5 100%) !important;}.stk-636be16 .stk-block-heading__text{font-size:48px !important;color:#FFFFFF !important;font-weight:600 !important;font-family:\"Lato\", Sans-serif !important;}@media screen and (max-width:999px){.stk-636be16 .stk-block-heading__text{font-size:48px !important;}}.stk-62733eb .stk-block-text__text{text-shadow:none !important;font-size:20px !important;color:#FFFFFF !important;}@media screen and (max-width:999px){.stk-62733eb .stk-block-text__text{font-size:20px !important;}}.stk-5cda023:hover{opacity:0.8 !important;}.stk-5cda023 .stk-button{padding-right:24px !important;padding-left:24px !important;background:#7bdcb5 !important;border-top-left-radius:50px !important;border-top-right-radius:50px !important;border-bottom-right-radius:50px !important;border-bottom-left-radius:50px !important;}.stk-5cda023 .stk-button:before{border-color:#7bdcb5 !important;}.stk-5cda023 .stk-button .stk--inner-svg svg:last-child, .stk-5cda023 .stk-button .stk--inner-svg svg:last-child :is(g, path, rect, polygon, ellipse){fill:#7bdcb5 !important;}<\/style>","protected":false},"excerpt":{"rendered":"<p>R\u00e9servations Pour r\u00e9server, t\u00e9l\u00e9charger le fichier pdf, puis le remplir et le renvoyer, avant le 22 avril 2026 de pr\u00e9f\u00e9rence, par courrier \u00e0 la Maison d&rsquo;animation Lo Capial, Rallye du Viaur, Place Saint-Georges, 81160 Saint-Ju\u00e9ry ou par courriel : rallyeduviaur@gmail.com T\u00e9l\u00e9charger le document de r\u00e9servation 2026<\/p>\n","protected":false},"author":1,"featured_media":0,"parent":0,"menu_order":0,"comment_status":"closed","ping_status":"closed","template":"","meta":{"_gspb_post_css":"","advgb_blocks_editor_width":"","advgb_blocks_columns_visual_guide":"","footnotes":""},"class_list":["post-1685","page","type-page","status-publish","hentry"],"blocksy_meta":{"styles_descriptor":{"styles":{"desktop":"","tablet":"","mobile":""},"google_fonts":[],"version":6}},"yoast_head":"<!-- This site is optimized with the Yoast SEO plugin v27.3 - https:\/\/yoast.com\/product\/yoast-seo-wordpress\/ -->\n<title>R\u00e9servations - Le Rallye du Viaur<\/title>\n<meta name=\"robots\" content=\"index, follow, max-snippet:-1, max-image-preview:large, max-video-preview:-1\" \/>\n<link rel=\"canonical\" href=\"https:\/\/locapial.org\/rallye-du-viaur\/reservations\/\" \/>\n<meta property=\"og:locale\" content=\"fr_FR\" \/>\n<meta property=\"og:type\" content=\"article\" \/>\n<meta property=\"og:title\" content=\"R\u00e9servations - Le Rallye du Viaur\" \/>\n<meta property=\"og:description\" content=\"R\u00e9servations Pour r\u00e9server, t\u00e9l\u00e9charger le fichier pdf, puis le remplir et le renvoyer, avant le 22 avril 2026 de pr\u00e9f\u00e9rence, par courrier \u00e0 la Maison d&rsquo;animation Lo Capial, Rallye du Viaur, Place Saint-Georges, 81160 Saint-Ju\u00e9ry ou par courriel : rallyeduviaur@gmail.com T\u00e9l\u00e9charger le document de r\u00e9servation 2026\" \/>\n<meta property=\"og:url\" content=\"https:\/\/locapial.org\/rallye-du-viaur\/reservations\/\" \/>\n<meta property=\"og:site_name\" content=\"Le Rallye du Viaur\" \/>\n<meta property=\"article:publisher\" content=\"https:\/\/www.facebook.com\/locapial\/\" \/>\n<meta property=\"article:modified_time\" content=\"2026-02-04T08:43:34+00:00\" \/>\n<meta name=\"twitter:card\" content=\"summary_large_image\" \/>\n<meta name=\"twitter:site\" content=\"@LoCapial\" \/>\n<meta name=\"twitter:label1\" content=\"Dur\u00e9e de lecture estim\u00e9e\" \/>\n\t<meta name=\"twitter:data1\" content=\"1 minute\" \/>\n<script type=\"application\/ld+json\" class=\"yoast-schema-graph\">{\"@context\":\"https:\\\/\\\/schema.org\",\"@graph\":[{\"@type\":\"WebPage\",\"@id\":\"https:\\\/\\\/locapial.org\\\/rallye-du-viaur\\\/reservations\\\/\",\"url\":\"https:\\\/\\\/locapial.org\\\/rallye-du-viaur\\\/reservations\\\/\",\"name\":\"R\u00e9servations - Le Rallye du Viaur\",\"isPartOf\":{\"@id\":\"https:\\\/\\\/locapial.org\\\/rallye-du-viaur\\\/#website\"},\"datePublished\":\"2021-04-06T14:05:47+00:00\",\"dateModified\":\"2026-02-04T08:43:34+00:00\",\"breadcrumb\":{\"@id\":\"https:\\\/\\\/locapial.org\\\/rallye-du-viaur\\\/reservations\\\/#breadcrumb\"},\"inLanguage\":\"fr-FR\",\"potentialAction\":[{\"@type\":\"ReadAction\",\"target\":[\"https:\\\/\\\/locapial.org\\\/rallye-du-viaur\\\/reservations\\\/\"]}]},{\"@type\":\"BreadcrumbList\",\"@id\":\"https:\\\/\\\/locapial.org\\\/rallye-du-viaur\\\/reservations\\\/#breadcrumb\",\"itemListElement\":[{\"@type\":\"ListItem\",\"position\":1,\"name\":\"Accueil\",\"item\":\"https:\\\/\\\/locapial.org\\\/rallye-du-viaur\\\/\"},{\"@type\":\"ListItem\",\"position\":2,\"name\":\"R\u00e9servations\"}]},{\"@type\":\"WebSite\",\"@id\":\"https:\\\/\\\/locapial.org\\\/rallye-du-viaur\\\/#website\",\"url\":\"https:\\\/\\\/locapial.org\\\/rallye-du-viaur\\\/\",\"name\":\"Le Rallye du Viaur\",\"description\":\"\",\"publisher\":{\"@id\":\"https:\\\/\\\/locapial.org\\\/rallye-du-viaur\\\/#organization\"},\"potentialAction\":[{\"@type\":\"SearchAction\",\"target\":{\"@type\":\"EntryPoint\",\"urlTemplate\":\"https:\\\/\\\/locapial.org\\\/rallye-du-viaur\\\/?s={search_term_string}\"},\"query-input\":{\"@type\":\"PropertyValueSpecification\",\"valueRequired\":true,\"valueName\":\"search_term_string\"}}],\"inLanguage\":\"fr-FR\"},{\"@type\":\"Organization\",\"@id\":\"https:\\\/\\\/locapial.org\\\/rallye-du-viaur\\\/#organization\",\"name\":\"Lo Capial\",\"url\":\"https:\\\/\\\/locapial.org\\\/rallye-du-viaur\\\/\",\"logo\":{\"@type\":\"ImageObject\",\"inLanguage\":\"fr-FR\",\"@id\":\"https:\\\/\\\/locapial.org\\\/rallye-du-viaur\\\/#\\\/schema\\\/logo\\\/image\\\/\",\"url\":\"http:\\\/\\\/locapial.org\\\/rallye-du-viaur\\\/wp-content\\\/uploads\\\/2024\\\/11\\\/rallye-viaur.png\",\"contentUrl\":\"http:\\\/\\\/locapial.org\\\/rallye-du-viaur\\\/wp-content\\\/uploads\\\/2024\\\/11\\\/rallye-viaur.png\",\"width\":3401,\"height\":1202,\"caption\":\"Lo Capial\"},\"image\":{\"@id\":\"https:\\\/\\\/locapial.org\\\/rallye-du-viaur\\\/#\\\/schema\\\/logo\\\/image\\\/\"},\"sameAs\":[\"https:\\\/\\\/www.facebook.com\\\/locapial\\\/\",\"https:\\\/\\\/x.com\\\/LoCapial\",\"https:\\\/\\\/www.instagram.com\\\/locapial\\\/\",\"https:\\\/\\\/www.youtube.com\\\/channel\\\/UC4YYPurwxyGe_z6En37caOQ\"]}]}<\/script>\n<!-- \/ Yoast SEO plugin. -->","yoast_head_json":{"title":"R\u00e9servations - Le Rallye du Viaur","robots":{"index":"index","follow":"follow","max-snippet":"max-snippet:-1","max-image-preview":"max-image-preview:large","max-video-preview":"max-video-preview:-1"},"canonical":"https:\/\/locapial.org\/rallye-du-viaur\/reservations\/","og_locale":"fr_FR","og_type":"article","og_title":"R\u00e9servations - Le Rallye du Viaur","og_description":"R\u00e9servations Pour r\u00e9server, t\u00e9l\u00e9charger le fichier pdf, puis le remplir et le renvoyer, avant le 22 avril 2026 de pr\u00e9f\u00e9rence, par courrier \u00e0 la Maison d&rsquo;animation Lo Capial, Rallye du Viaur, Place Saint-Georges, 81160 Saint-Ju\u00e9ry ou par courriel : rallyeduviaur@gmail.com T\u00e9l\u00e9charger le document de r\u00e9servation 2026","og_url":"https:\/\/locapial.org\/rallye-du-viaur\/reservations\/","og_site_name":"Le Rallye du Viaur","article_publisher":"https:\/\/www.facebook.com\/locapial\/","article_modified_time":"2026-02-04T08:43:34+00:00","twitter_card":"summary_large_image","twitter_site":"@LoCapial","twitter_misc":{"Dur\u00e9e de lecture estim\u00e9e":"1 minute"},"schema":{"@context":"https:\/\/schema.org","@graph":[{"@type":"WebPage","@id":"https:\/\/locapial.org\/rallye-du-viaur\/reservations\/","url":"https:\/\/locapial.org\/rallye-du-viaur\/reservations\/","name":"R\u00e9servations - Le Rallye du Viaur","isPartOf":{"@id":"https:\/\/locapial.org\/rallye-du-viaur\/#website"},"datePublished":"2021-04-06T14:05:47+00:00","dateModified":"2026-02-04T08:43:34+00:00","breadcrumb":{"@id":"https:\/\/locapial.org\/rallye-du-viaur\/reservations\/#breadcrumb"},"inLanguage":"fr-FR","potentialAction":[{"@type":"ReadAction","target":["https:\/\/locapial.org\/rallye-du-viaur\/reservations\/"]}]},{"@type":"BreadcrumbList","@id":"https:\/\/locapial.org\/rallye-du-viaur\/reservations\/#breadcrumb","itemListElement":[{"@type":"ListItem","position":1,"name":"Accueil","item":"https:\/\/locapial.org\/rallye-du-viaur\/"},{"@type":"ListItem","position":2,"name":"R\u00e9servations"}]},{"@type":"WebSite","@id":"https:\/\/locapial.org\/rallye-du-viaur\/#website","url":"https:\/\/locapial.org\/rallye-du-viaur\/","name":"Le Rallye du Viaur","description":"","publisher":{"@id":"https:\/\/locapial.org\/rallye-du-viaur\/#organization"},"potentialAction":[{"@type":"SearchAction","target":{"@type":"EntryPoint","urlTemplate":"https:\/\/locapial.org\/rallye-du-viaur\/?s={search_term_string}"},"query-input":{"@type":"PropertyValueSpecification","valueRequired":true,"valueName":"search_term_string"}}],"inLanguage":"fr-FR"},{"@type":"Organization","@id":"https:\/\/locapial.org\/rallye-du-viaur\/#organization","name":"Lo Capial","url":"https:\/\/locapial.org\/rallye-du-viaur\/","logo":{"@type":"ImageObject","inLanguage":"fr-FR","@id":"https:\/\/locapial.org\/rallye-du-viaur\/#\/schema\/logo\/image\/","url":"http:\/\/locapial.org\/rallye-du-viaur\/wp-content\/uploads\/2024\/11\/rallye-viaur.png","contentUrl":"http:\/\/locapial.org\/rallye-du-viaur\/wp-content\/uploads\/2024\/11\/rallye-viaur.png","width":3401,"height":1202,"caption":"Lo Capial"},"image":{"@id":"https:\/\/locapial.org\/rallye-du-viaur\/#\/schema\/logo\/image\/"},"sameAs":["https:\/\/www.facebook.com\/locapial\/","https:\/\/x.com\/LoCapial","https:\/\/www.instagram.com\/locapial\/","https:\/\/www.youtube.com\/channel\/UC4YYPurwxyGe_z6En37caOQ"]}]}},"coauthors":[],"author_meta":{"author_link":"http:\/\/locapial.org\/rallye-du-viaur\/author\/administrateur\/","display_name":"administrateur"},"relative_dates":{"created":"Publi\u00e9 5 ans il y a","modified":"Mis \u00e0 jour 2 mois il y a"},"absolute_dates":{"created":"Publi\u00e9 le 6 avril 2021","modified":"Mise \u00e0 jour le 4 f\u00e9vrier 2026"},"absolute_dates_time":{"created":"Publi\u00e9 le 6 avril 2021 16 h 05 min","modified":"Mise \u00e0 jour le 4 f\u00e9vrier 2026 9 h 43 min"},"featured_img_caption":"","featured_img":false,"series_order":"","_links":{"self":[{"href":"http:\/\/locapial.org\/rallye-du-viaur\/wp-json\/wp\/v2\/pages\/1685","targetHints":{"allow":["GET"]}}],"collection":[{"href":"http:\/\/locapial.org\/rallye-du-viaur\/wp-json\/wp\/v2\/pages"}],"about":[{"href":"http:\/\/locapial.org\/rallye-du-viaur\/wp-json\/wp\/v2\/types\/page"}],"author":[{"embeddable":true,"href":"http:\/\/locapial.org\/rallye-du-viaur\/wp-json\/wp\/v2\/users\/1"}],"replies":[{"embeddable":true,"href":"http:\/\/locapial.org\/rallye-du-viaur\/wp-json\/wp\/v2\/comments?post=1685"}],"version-history":[{"count":13,"href":"http:\/\/locapial.org\/rallye-du-viaur\/wp-json\/wp\/v2\/pages\/1685\/revisions"}],"predecessor-version":[{"id":2702,"href":"http:\/\/locapial.org\/rallye-du-viaur\/wp-json\/wp\/v2\/pages\/1685\/revisions\/2702"}],"wp:attachment":[{"href":"http:\/\/locapial.org\/rallye-du-viaur\/wp-json\/wp\/v2\/media?parent=1685"}],"curies":[{"name":"wp","href":"https:\/\/api.w.org\/{rel}","templated":true}]}}